z be b(5). Suppose -z*i + 16 = 0, -i = 5*w - 79 + 15. What is the units digit of w?
2
Let j(q) = -4*q - 1. Let s be j(-1). Suppose -y = -s*r + y, -2*r + y = 0. Suppose -5*n + 16 + 109 = r. What is the tens digit of n?
2
Suppose 0 = -c + 4*h + 8, -9 = -3*c + 5*h + 36. Let q(p) = p + 2. Let s be q(-3). Let m = c + s. What is the units digit of m?
9
Let m = -1868 - -5539. What is the units digit of m?
1
Let k be 1 + 110/(-4)*-12 - -3. Suppose y + 0*y = 5*u - k, -284 = -4*u + 5*y. What is the tens digit of u?
6
Let k(y) = y**2 - 8*y + 9. Let i be k(7). Suppose -i*f + 69 + 111 = 0. What is the tens digit of f?
9
Let k be -1*(-19 - -2)*-1. Suppose m + 2*m - 27 = 5*a, 0 = -a - 5*m - 11. Let o = a - k. What is the units digit of o?
1
Suppose 211 = 5*l - 4*l + 2*s, 816 = 4*l + s. What is the units digit of l?
3
Let c(a) = 14*a - 24. Let n be c(6). Let u = 83 - n. What is the tens digit of u?
2
Let z be (22/4)/(-11)*-2*2. What is the tens digit of ((-1)/z)/(-1 + 254/256)?
6
Let w(u) = u + 9. Let c be w(-7). Suppose 5*o = c*o + 144. What is the units digit of o?
8
Let d = -4 - -6. Suppose -4*n - p + 72 = 0, d - 3 = -n + 4*p. Suppose 0 = -2*i + 2*r + n + 13, -54 = -4*i + r. What is the tens digit of i?
1
Let x(o) = o**3 - 11*o**2 + 12*o - 7. What is the units digit of x(10)?
3
Let j = -420 - -3632. What is the hundreds digit of j?
2
What is the units digit of -8 - (8 - 4620) - -5?
9
Let j = 222 + -90. Let p = j - 83. What is the tens digit of p?
4
Let v be 3/(-2 - 20/(-8)). Suppose -v*o + 9*o = 9. Suppose 3*p - 20 = -o*x - 2, 3*x - 19 = -4*p. What is the units digit of x?
5
Let k(o) = -2*o**2 - 8*o + 36. Let a be k(17). Let y = -482 - a. What is the hundreds digit of y?
1
Suppose 3*c = 2 + 4. Suppose -24 = 4*a + k + 3*k, 5*a + 18 = k. What is the units digit of ((-22)/4)/(c/a)?
1
Suppose -18*m + 14*m = -5388. What is the hundreds digit of m?
3
Suppose -6*w = 5*l - 9*w - 666, 0 = -4*l - 2*w + 524. What is the hundreds digit of l?
1
Suppose 3*x = -4*r + 5340, -23*x - 5312 = -4*r - 19*x. What is the tens digit of r?
3
What is the hundreds digit of (284/1)/(-18 + 19)?
2
Let g be (-16)/(-12)*(14 - 2). Suppose -5*v - 4 = 16, -2*v = -x + g. What is the units digit of -2*2*(-76)/x?
8
Let p(s) = -s**2 - 11*s + 16. Let r(x) = x**2 - 8*x + 10. Let g be r(7). Suppose g*o - 20 = 4*o - 4*u, -10 = o + u. What is the units digit of p(o)?
4
What is the units digit of 2/((-8)/(-20)) + 97?
2
Let m be -18 + 69 - (1 + 2). Let s = m - 21. What is the units digit of s?
7
Let y = 18 + -34. Let f = y + 18. Suppose 3*b = f*u - 7*u + 16, 4*b = 5*u + 33. What is the units digit of b?
7
What is the hundreds digit of ((-45)/(-6) - 3)*(1 + 41)?
1
Suppose -59*c = -62*c + 2397. What is the units digit of c?
9
Let o = 999 + 1304. What is the tens digit of o?
0
Suppose 4*x + 135 = d, -x = 2*x - 12. Let h = d - 88. Let r = h + -25. What is the tens digit of r?
3
Let v(l) = -l**2 + 25*l + 3. Let n be v(25). Let f be 0 - 1 - (-1 + 1). Let s = n + f. What is the units digit of s?
2
Suppose -w + 1063 = -6*q, -2*q - 2165 = -2*w - 3*q. What is the units digit of w?
1
Let o = 1082 + 1672. What is the tens digit of o?
5
Suppose 16556 = 4*l + 4*u, -4*l = 41*u - 43*u - 16550. What is the hundreds digit of l?
1
Let t be (-124)/(-44) - 4/(-22). Suppose t*v = -2*v - 10, -3*z - 2*v = -80. What is the tens digit of z?
2
Suppose -7*i = -11*i + 32. Suppose 2*m + i = 4*m. Suppose -97 = -5*c - 3*s, -m*c - 2*s = -0*c - 76. What is the units digit of c?
7
Let g be (-4 - -9) + 3/1. Suppose g + 0 = 2*q. Suppose -q*i + 7 = -5. What is the units digit of i?
3
Let a(j) = j**3 - 23*j**2 + 3*j + 63. What is the units digit of a(24)?
1
Suppose 2*l - 48 = -l. What is the tens digit of 332/l*2*2?
8
Let j(l) be the third derivative of -5*l**4/24 + 20*l**3/3 - 9*l**2. What is the hundreds digit of j(-16)?
1
Let t(n) = -n + 15. Let c be t(12). Suppose -2*z + 111 = 5*f, c*z + f + 25 = 159. What is the units digit of z?
3
Let q(g) = 2*g**3 - 112*g**2 + 69*g - 180. What is the tens digit of q(56)?
8
Let x = 2303 - 1273. What is the thousands digit of x?
1
Suppose 5*s - 1831 = 3*p, 13*p = s + 18*p - 383. What is the units digit of s?
8
Let f(d) = 18*d + d**2 + 2*d**2 - 3 - 4*d**2 + 0. Let q be f(13). Suppose -4*h - 2*w = -q, -2*h + 4*w + 36 = -0*h. What is the units digit of h?
6
What is the thousands digit of 2/26 - 172161/(-143)?
1
What is the hundreds digit of 13526/14 + 12 + 170/(-14)?
9
Suppose z - 3*a + 29 = 0, 4*z + 14 + 88 = 5*a. Let j = z - -61. What is the units digit of j?
8
Let a be (-4)/12 - (-2 + (-5)/(-3)). Suppose 3*d - 153 = -2*n, a = -5*d + 3*n + 122 + 133. What is the tens digit of d?
5
Suppose -15 = -2*v + 5*v. Let i = 10 - -8. Let d = i + v. What is the units digit of d?
3
Let h(v) = -2*v**2 - 4*v. Let n be h(-3). What is the tens digit of (-2 - (-32 + -3))/(n/(-4))?
2
Suppose 5*y = g - 13, 2*g - 3*y + 2*y = 44. Suppose -v + g = 48. What is the units digit of 368/10 - (-20)/v?
6
Let s(v) = v**3 + 13*v**2 + 3*v + 17. Let c(t) = -4*t**3 - 53*t**2 - 11*t - 69. Let g(b) = 2*c(b) + 9*s(b). What is the tens digit of g(-7)?
7
Suppose 5*i = -g + 168, -i - 4*g - 120 = -5*i. What is the units digit of i/(-6)*(-3 - 3)?
3
Suppose 39*l = -15 + 288. Suppose -3*s - 139 = -2*z + 280, 3*s + 3 = 0. Suppose l*j - z = 268. What is the units digit of j?
8
Let m(a) = -a**3 - a**2 + a + 41. Let d be m(0). Suppose 7*c = 4*c - 60. Let v = d + c. What is the units digit of v?
1
What is the tens digit of 7 - (2 - (-2408)/(-4))?
0
Let m(o) = 4*o**2 + 8*o - 5. What is the units digit of m(-13)?
7
Let m = -2343 - -6127. What is the tens digit of m?
8
Suppose 4*l + 29231 = 5*u, 4*u - 4*l - 9211 - 14177 = 0. What is the units digit of u?
3
Let n(u) = -u**2 - 8*u - 6. Let b be n(-5). Let z(t) = 19*t - 72. What is the units digit of z(b)?
9
Suppose 0 = -6*g + 4*g + 8. Suppose 52 = -g*r + o, 4*o - 44 = 5*r + 10. Let q = r + 37. What is the units digit of q?
3
Let z = 3259 + -1953. What is the units digit of z?
6
Let s be (-5 - -7)/(2/(-297)). Let q = 494 + s. What is the tens digit of q?
9
Suppose 0 = 4*z + 4*b, -z = -4*z + 5*b + 16. Suppose -z*k = -1 - 7. Suppose 0 = -5*v + v + k. What is the units digit of v?
1
Suppose 5*p - 18 - 7 = 0. Let y be 351/4 + p/20. Let z = -51 + y. What is the tens digit of z?
3
Let g(q) = -q**3 - 8*q**2 + 6*q - 6. Suppose -3*y + 20 + 30 = 4*r, -5*y + 78 = 4*r. Let l = -23 + y. What is the units digit of g(l)?
1
Let o be 2 + 1 + (-8 - 7/(-1)). Suppose -g - o + 92 = 0. What is the tens digit of g?
9
Suppose 0 = 36*g - 33*g - 1458. What is the hundreds digit of g?
4
What is the tens digit of ((-2664)/(-60))/6*(-1 - -116)?
5
Suppose 0 = -23*m + 5 - 51. Suppose -3*i + 12 = 0, -4*a = 2*i - 6*i. Let c = a + m. What is the units digit of c?
2
Let c = -94 - -172. Suppose 24*y + c = 25*y. What is the units digit of y?
8
Let w(j) = 158*j - 4. What is the tens digit of w(7)?
0
Let h = -22 - -25. Suppose -h*l + 140 + 10 = 0. What is the units digit of l?
0
Let r(f) = -24*f**2 + 6*f. Let y(w) = 8*w**2 + 7*w - 20*w**2 - 17*w**2 + 5*w**2. Let h(o) = -6*r(o) + 5*y(o). What is the tens digit of h(1)?
2
Suppose -137*v - 6325 = -162*v. What is the units digit of v?
3
What is the hundreds digit of ((-7)/14)/(8/(-58176))?
6
Let b(r) = r**2 + 57*r + 57. What is the units digit of b(-58)?
5
Let j be (78/(-9))/((-101)/(-33) - 3). Let n = j + 214. What is the tens digit of n?
7
Suppose 0 = -2*n + 5*v + 1562 - 532, v = 0. What is the hundreds digit of n?
5
Suppose 3*t + 2*t - 1040 = 0. Suppose 5*w - t = 37. Let l = -32 + w. What is the units digit of l?
7
Suppose 0 = 15*o - 12*o - 2286. What is the tens digit of o?
6
Let t = -565 + 770. What is the tens digit of t?
0
Suppose t - 3 = 0, t - 23 = -4*s + 104. Let a = 10 + -7. Suppose -a*r = -110 - s. What is the tens digit of r?
4
Let s(w) = -w**2 + 15*w - 9. Let k = -21 - -31. What is the units digit of s(k)?
1
Let i(u) = -u**2 + 21*u. Let b(s) = -2*s + 34. Let n be b(9). What is the tens digit of i(n)?
8
Let g(r) = r**2 + r - 10. Let h be g(-4). Suppose 3*b - 5*a = -h*a + 141, 3*b - a - 149 = 0. What is the tens digit of b?
5
Let r(o) = -o**3 + 5*o**2 - 23. What is the units digit of r(-8)?
9
Let u be (2 - -4)/(3 + -2). Let r be u/6 + -1*1. Suppose 4*s - 33 = -f + 14, r = -4*f - 5*s 